332 - 12?
-1330312203010
In base 3, what is 1012000 + -10100200?
-2011200
In base 4, what is 132021302 - -2211212?
200233120
In base 3, what is -111002122022211 + 22?
-111002122022112
In base 5, what is 120341232410 - -1?
120341232411
In base 15, what is 14214c4 + -1?
14214c3
In base 4, what is 13110322333 + 133?
13110323132
In base 14, what is -397 + 467b?
42c4
In base 12, what is aa + -5a579?
-5a48b
In base 14, what is -8a - 160659?
-160705
In base 9, what is -646313 - 32?
-646345
In base 13, what is 4 - -7368b9?
7368c0
In base 4, what is 2131211021120 - 10?
2131211021110
In base 3, what is 112101 - 112101111110?
-112100222002
In base 13, what is -4c + 1201957?
1201908
In base 12, what is -791711 + 12?
-7916bb
In base 2, what is 100100010111111101 - 10101?
100100010111101000
In base 2, what is -10111 - -1011111101001100110110?
1011111101001100011111
In base 7, what is -126 - 45454232?
-45454361
In base 16, what is -46a4 + 201?
-44a3
In base 8, what is 25600426 - 1?
25600425
In base 8, what is -33 + -10256403?
-10256436
In base 16, what is -29f18 - b2?
-29fca
In base 16, what is -4f3a - -63c?
-48fe
In base 5, what is -320441 + 12001?
-303440
In base 16, what is 290127 - -e?
290135
In base 15, what is 4 + 1206ad3e?
1206ad43
In base 2, what is 1000110100101101 + -101110110111?
1000000101110110
In base 9, what is -300 - 1346752?
-1347152
In base 14, what is 1 + -3b88a6?
-3b88a5
In base 12, what is -6186 + -3676a?
-40934
In base 4, what is -102132 - 211103?
-313301
In base 14, what is -27c + -2253?
-24d1
In base 9, what is -774024024 + 5?
-774024018
In base 14, what is -1071c3 + b3?
-107110
In base 9, what is 4 + -24712413?
-24712408
In base 5, what is -14313034340 + 1?
-14313034334
In base 13, what is -8aba87b - 1?
-8aba87c
In base 14, what is 6 - -41c7a87?
41c7a8d
In base 2, what is 111100100100111110 - -100011111?
111100101001011101
In base 5, what is -1134113214304 + 1?
-1134113214303
In base 14, what is 2050b35 + 10?
2050b45
In base 10, what is 90187 - -37?
90224
In base 4, what is -101000020113 + -12?
-101000020131
In base 10, what is -1 - 16890126?
-16890127
In base 5, what is 144313344231 + 0?
144313344231
In base 12, what is 78 + 16245?
16301
In base 13, what is 93 - 640309?
-640246
In base 15, what is -1b1cee0 - b?
-1b1ceeb
In base 4, what is 0 - 21121113301?
-21121113301
In base 12, what is -44 - -4467302?
446727a
In base 15, what is -1962deb - 4?
-1962e00
In base 16, what is 23 - -38f500?
38f523
In base 7, what is -416303636 - 111?
-416304050
In base 2, what is 101 + 110000111100011101010011111?
110000111100011101010100100
In base 4, what is -122011230123022 + 11?
-122011230123011
In base 10, what is 244791917 - 1?
244791916
In base 5, what is -423 + -141401330?
-141402303
In base 11, what is 80a9 + -419?
7790
In base 2, what is -1001101010001011001000001 + 10011?
-1001101010001011000101110
In base 2, what is -10101 - 11011001101100101?
-11011001101111010
In base 4, what is 101 - -12213021202?
12213021303
In base 7, what is 500 + 1002602?
1003402
In base 9, what is -17 + 32137048?
32137031
In base 8, what is -5167 - -670041?
662652
In base 7, what is -400 - -51454?
51054
In base 12, what is -6591b + -40?
-6595b
In base 9, what is 174033 + -412?
173521
In base 7, what is -4 + -3646235?
-3646242
In base 5, what is 1002 - -11231232?
11232234
In base 8, what is -60102 + -15712?
-76014
In base 11, what is 32580 - -267?
32837
In base 6, what is -5 + 24132444?
24132435
In base 5, what is -14 - 222314401?
-222314420
In base 14, what is 99 - 9b06?
-9a4b
In base 12, what is -1 - -500b954?
500b953
In base 5, what is 10302042 - 211?
10301331
In base 12, what is 1330 + 2162a?
2295a
In base 9, what is 2077640 - 201?
2077438
In base 12, what is -215411 + 20?
-2153b1
In base 14, what is 492 + ba?
56c
In base 10, what is 4 + 5059776?
5059780
In base 6, what is 0 + 42340445?
42340445
In base 3, what is 220012 + 2100010210221?
2100011201010
In base 2, what is -1000101 - -1001000100100011000110?
1001000100100010000001
In base 15, what is 12b2636 + 5?
12b263b
In base 5, what is 2112 + -2020?
42
In base 5, what is 43 + -42411214?
-42411121
In base 11, what is -4a78 - -1207?
-3871
In base 6, what is 33100 - -43423?
120523
In base 10, what is 58999051 + -5?
58999046
In base 2, what is 10011 - 1100110011111101011011?
-1100110011111101001000
In base 8, what is -32233504 + 5?
-32233477
In base 12, what is 2003 - 526?
1699
In base 11, what is 5 - 3633a52?
-3633a48
In base 9, what is 10356 - -1254?
11621
In base 10, what is -3 - 139230987?
-139230990
In base 2, what is -100110010001001011001011001 - 11?
-100110010001001011001011100
In base 8, what is -12252320 - 4?
-12252324
In base 16, what is 14fc + e6?
15e2
In base 5, what is -13144 + -4424404?
-4443103
In base 11, what is 762870 + 37?
7628a7
In base 4, what is 20010112220022 + 1?
20010112220023
In base 4, what is 2 - 222002110332?
-222002110330
In base 6, what is 4013 + 153001?
201014
In base 2, what is 11011101100101100011 - -101101000?
11011101101011001011
In base 9, what is -2 + 18426224?
18426222
In base 14, what is -1c069a + 33?
-1c0667
In base 6, what is -200022 + 154?
-155424
In base 16, what is -99 - 4654?
-46ed
In base 7, what is 1130 + 420233?
421363
In base 14, what is 48536 - 14?
48522
In base 10, what is 1019 - -59913?
60932
In base 14, what is -8616 - 2111?
-a727
In base 16, what is -e4a5 - -f28?
-d57d
In base 5, what is 123 + -14231322304?
-14231322131
In base 16, what is -41f5 - 36d?
-4562
In base 15, what is -1 - -48b567?
48b566
In base 8, what is 1616 + 36660?
40476
In base 8, what is -631 - 623457?
-624310
In base 11, what is -25054 - -1395?
-2376a
In base 14, what is 445 - 171c91?
-17184a
In base 15, what is 2ed0 + 2a5?
3285
In base 5, what is 12430 + 1111330?
1124310
In base 16, what is e640f - 9?
e6406
In base 2, what is 101001000010000100011 + 101?
101001000010000101000
In base 4, what is 2 - -1110133031113?
1110133031121
In base 10, what is -399092 + 16?
-399076
In base 11, what is -a9434 + 58?
-a9387
In base 8, what is -3646164 - 0?
-3646164
In base 6, what is 1152 + 13402?
14554
In base 6, what is -215 + -155511?
-200130
In base 8, what is -342 - -177444?
177102
In base 3, what is 11 + -202100112220?
-202100112202
In base 9, what is -6 - 704138?
-704145
In base 10, what is 869 + 1680?
2549
In base 16, what is 2138 + -89b?
189d
In base 16, what is -1a7b0 + -190?
-1a940
In base 9, what is 25365416 + -3?
25365413
In base 8, what is 14725 - -12540?
27465
In base 9, what is 111006 - 256?
110640
In base 11, what is 3 + 767749?
767751
In base 8, what is 227 + -1570000?
-1567551
In base 8, what is -605043 + 1?
-605042
In base 7, what is 25 - -13115051?
13115106
In base 8, what is -612 - -1614360?
1613546
In base 2, what is -101 - -100101101101101011111111?
100101101101101011111010
In base 15, what is 1ec40331 - 1?
1ec40330
In base 15, what is 9d8 + -a481?
-9998
In base 12, what is 153594a9 + 5?
153594b2
In base 4, what is -1131230230 + 10331?
-1131213233
In base 2, what is -11010100001111010111000 - 101010?
-11010100001111011100010
In base 13, what is 589943 + 1b?
589961
In base 2, what is 101 - -111001001111111001010?
111001001111111001111
In base 14, what is -5772c + 4?
-57728
In base 2, what is 101100010110001110000011 - 101011?
101100010110001101011000
In base 8, what is -21 - -255547?
255526
In base 11, what is -6 - a212815?
-a212820
In base 5, what is -1 + 2032430242?
2032430241
In base 13, what is -15c09 - ba78?
-24984
In base 14, what is -5068891 - -10?
-5068881
In base 2, what is 1010001000100000110100010 + 10?
1010001000100000110100100
In base 2, what is -11001011010011010101010 + 1101?
-11001011010011010011101
In base 6, what is -333154135 + -12?
-333154151
In base 13, what is -1070 + 8a41?
79a1
In base 13, what is 483587 + -3?
483584
In base 4, what is 1 - -302231023300?
302231023301
In base 7, what is 50155 + 4240?
54425
In base 7, what is 251424153 + 3?
251424156
In base 4, what is -1221031 - 11113013?
-13000110
In base 15, what is -5e9 + -13771?
-13d6a
In base 14, what is -663 - 4a74?
-52d7
In base 10, what is 0 - -1781502?
1781502
In base 2, what is -1010110 - 1011001100111101?
-1011001110010011
In base 16, what is -3484 + -bf7e?
-f402
In base 8, what is -240375661 - 26?